divisor of 391 and p.
23
Suppose -429*u + 423*u = -4776. What is the highest common divisor of u and 4?
4
Let p(s) = -3*s**2 - 8*s - 8. Let w be p(-4). Let h be (-20)/(-25) + (-14)/5. Let u be (-18 + h)*54/w. What is the greatest common factor of u and 15?
15
Let d(i) = i**2 - 3*i - 30. Let l be d(10). Let p be (-248)/(-10)*100/l. What is the greatest common divisor of p and 62?
62
Let x(r) be the first derivative of 3 + 1/2*r**2 - 3*r. Let i be x(7). What is the greatest common factor of 10 and i?
2
Let m = 23 + 6. Let l = m - 27. What is the highest common factor of l and 16?
2
Let f be 8/(-5)*10/4. Let k be (-20)/f - -42 - -4. What is the highest common divisor of k and 85?
17
Let c = 4 + 220. Calculate the greatest common divisor of 98 and c.
14
Suppose -5*f = -2*y - 1698, 4*y - 344 = 3*f - 4*f. Suppose -4*v - 4*h + f = 0, 3*v + h - 5*h = 248. What is the greatest common factor of 12 and v?
12
Suppose 0 = -2*z - 3*z - 20. Let n be (-10)/(-4) + (-6)/z. What is the greatest common divisor of n and 6?
2
Suppose -l = 2*w + 18 - 2, -5*l - 20 = -2*w. Let y(a) = -4*a + 1. Let b be y(l). Let r = 68 - 63. What is the greatest common divisor of r and b?
5
Let a(t) = 2*t**2 + 2*t - 13. Let v be a(-6). Let x = v + -34. What is the highest common divisor of x and 39?
13
Suppose 3298 = 22*p - 552. Let i = p + -99. Calculate the greatest common divisor of i and 57.
19
Let i = -849 + 850. Let a(k) be the second derivative of k**3 - k**2/2 + k. Let g be a(2). Calculate the greatest common factor of g and i.
1
Let z be (820/15)/(1*12/54). Calculate the greatest common factor of z and 82.
82
Let d be 99/(-135)*5*-6. Let c(b) = -11*b. Let s be c(-4). Calculate the highest common factor of s and d.
22
Suppose 2 = q - 0*q, -5*m + 1022 = q. What is the highest common factor of m and 136?
68
Suppose -6*c = -5232 + 3234. What is the greatest common divisor of 36 and c?
9
Let t = 10 + -10. Let b(o) = o**2 + 2. Let h be b(-2). Suppose i = -3*w + 25, t = h*w - 2*w - 2*i - 40. Calculate the highest common factor of 27 and w.
9
Suppose 2*s = n - 3*n + 30, -3*s + 41 = -n. What is the highest common factor of 2128 and s?
14
Suppose 0 = 4*k - 62 - 130. Let y be (6 + 119/(-7))/1. Let n(q) = q + 27. Let j be n(y). Calculate the greatest common divisor of j and k.
16
Let t be (-1)/(8 + (-959)/119). Let n = 44 + 24. What is the greatest common divisor of n and t?
17
Let t be 6/(-4) - (15/(-2) - -1). Let g be ((-26)/6 + 2)*3. Let a be t/(-35) - 15/g. What is the greatest common divisor of a and 2?
2
Let i(x) be the second derivative of 5*x**2 + 1/6*x**3 - 3*x + 0. Let b be i(0). What is the greatest common factor of b and 10?
10
Suppose 2958 = 90*u - 1902. What is the highest common factor of u and 81?
27
Let y be (34/(-3))/((-2)/30) - -4. What is the greatest common divisor of y and 18?
6
Let b(t) = -2*t + 7. Let r be 3 - 6 - (-9)/3. Let p be b(r). Suppose j - 10 = -2*h, -2*h = -h + 5*j + 13. What is the greatest common divisor of p and h?
7
Suppose 0 = 5*p - 49 + 4. Suppose 5*u - 2*i = -i - 599, 4*u - 4*i + 492 = 0. Let q = u - -191. What is the highest common factor of q and p?
9
Let p = -22 - -27. Suppose i - 23 = 5*r + 13, -p*i - 3*r + 40 = 0. What is the greatest common divisor of i and 22?
11
Let n be 69 - ((-2 - -5) + -5). Suppose 4*a = -9 + 1, k - n = -2*a. Calculate the highest common factor of k and 30.
15
Let d be 1/4 - (-56)/32. Suppose -4*w = -p - 0*w + 14, -4*p = 2*w - d. Calculate the highest common divisor of p and 3.
1
Let k be 3/(-2 - -5)*10. Suppose k*l = 4*l + 162. Calculate the highest common divisor of 108 and l.
27
Let m(i) = i**2 - 2*i + 6. Let q be m(-7). Let b(y) = -152*y - 258. Let u be b(-2). Calculate the greatest common divisor of q and u.
23
Let b = 948 + 508. Calculate the greatest common factor of b and 336.
112
Suppose 4*l - 4*n + 96 = -9*n, 3*n = l + 24. Let w = -9 - l. Suppose -w = -5*t + 3*f + 50, 30 = 5*t + 4*f. Calculate the highest common divisor of t and 5.
5
Suppose -u = 5*a + 139, 5*a - 345 = 3*u + 2*a. Let w = u + 189. Suppose -5*l = -10*l + w. What is the highest common factor of 56 and l?
14
Let z = 2348 - 2248. Calculate the highest common divisor of z and 1220.
20
Let b be (1 + 4)/((-8)/(-200)). Suppose -2*t + x + 96 = 0, 5*t + 0*x - 3*x - 238 = 0. Calculate the greatest common divisor of t and b.
25
Suppose -8*q - 15 = -z - 11*q, 5*q = -5*z + 45. What is the greatest common factor of 1866 and z?
6
Suppose -42*p + 38*p = -36. What is the greatest common factor of p and 99?
9
Let m be 4/(-14) + 1287/21. Suppose -10*i + 109 = -m. Calculate the highest common divisor of 34 and i.
17
Let v(r) be the second derivative of 2*r**3 - 25*r**2/2 + 49*r. Let w be v(10). What is the highest common divisor of 38 and w?
19
Let n be 8/(-4) + 25/5. Let z be 3*(-2 + 10/n). Calculate the highest common factor of z and 4.
4
Let g(r) be the second derivative of -r**3/6 + 7*r**2/2 + 22*r. Let b be g(-2). What is the greatest common factor of 45 and b?
9
Let u(y) be the third derivative of y**5/60 + 3*y**4/8 - y**3/3 - 2*y**2. Let z be u(-4). Let s = -4 - z. Calculate the highest common divisor of s and 12.
6
Let h be (0 - -32)/(3/3). Let w(f) = f**3 + 13*f**2 + 40*f - 4. Let s be w(-6). Calculate the greatest common divisor of h and s.
8
Suppose 0 = 5*n - 0*n. Suppose 4*o = -n*o + 144. Suppose -68*y + 67*y = -9. What is the greatest common factor of y and o?
9
Suppose 58 - 130 = -2*w. Calculate the greatest common divisor of 120 and w.
12
Suppose 2*m = -4*i - 38 - 16, -20 = 5*i. Let h = m - -22. Suppose 0 = -h*y - f - 2 + 8, -2*y + 5*f + 21 = 0. What is the greatest common factor of 9 and y?
3
Let c be (-1195)/(-9) + 18/81. Let y = -13 + c. Suppose 2*p + 2*p - y = 0. Calculate the greatest common divisor of 45 and p.
15
Let f be (-6 - -27)*8/6. Let t be ((-15)/2)/(f/(-56)). Calculate the greatest common factor of 10 and t.
5
Suppose h - 3 = m - 0, 2*h - 5 = 3*m. Calculate the greatest common divisor of m and 16.
1
Let t = -1218 - -1855. Calculate the highest common factor of t and 49.
49
Let w(r) = 91*r - 184. Let o be w(11). What is the greatest common divisor of o and 43?
43
Let i(g) = -4*g**2 + 1. Let d be i(7). Let t = d - -294. Let z = -2 + 11. Calculate the greatest common factor of z and t.
9
Suppose 17*x = -4*m + 16*x + 2974, 5*m = x + 3722. What is the highest common factor of m and 24?
24
Let u(t) = t**2 + 15*t - 3. Let l be u(-7). Let j = l + 35. Let z = -18 - j. Calculate the greatest common divisor of z and 9.
3
Let n(u) = 4*u + 2. Let b(h) = 12*h + 8 + h - 2. Let s(z) = -6*b(z) + 17*n(z). Let r be s(-3). What is the greatest common factor of 70 and r?
14
Let n = 3 + 0. Let m be n*((-175)/(-15))/5. What is the greatest common factor of 63 and m?
7
Suppose 0 = -4*a - 2*v + 4*v + 96, 2*v = 0. Calculate the highest common divisor of 8 and a.
8
Let x = -135 - -435. What is the greatest common factor of x and 120?
60
Suppose -4*u - 5*z = -0*z + 301, 249 = -3*u + 4*z. Let h = u + 90. What is the highest common divisor of 99 and h?
11
Suppose -n - 991 = -2*f, -3*n = 2*f - 1066 + 79. Suppose -8*z - 3*z = -f. Calculate the greatest common divisor of 18 and z.
9
Suppose 0 = 3*b - 4324 + 1585. Calculate the highest common divisor of b and 249.
83
Suppose -9*q + 24 = -30. Suppose 26 = 4*z + 2*h, 5*z - 40 = -q*h + h. Calculate the greatest common factor of 65 and z.
5
Suppose 3*t - 12 = 7*t. Let w be 28/t*9/(-6). Let v = -6 + w. What is the greatest common factor of v and 56?
8
Let z = -539 + 551. What is the greatest common factor of z and 26?
2
Let m(a) = a**2 - 3*a + 10. Let w be m(0). Suppose 0 = 4*c + 8, -j + w = 3*j + 3*c. What is the highest common divisor of 36 and j?
4
Suppose -150 = -19*u + 14*u. Calculate the highest common factor of u and 340.
10
Suppose -2*g = -35 + 1. Let d = 22 - g. Suppose -d*j + 19 = -31. Calculate the greatest common divisor of 5 and j.
5
Suppose 6*t + 5*x - 30 = 3*t, -x = 4*t - 23. Suppose -t*u - 243 = -2*v, v + 2*u - 374 = -2*v. Calculate the highest common factor of 31 and v.
31
Let a = -457 + 517. What is the greatest common factor of 264 and a?
12
Let h be 16 + 2 + -6 - 1. Calculate the greatest common factor of 2211 and h.
11
Suppose 6 + 24 = 6*q. Suppose -2*v = -7*v + u + 3492, 2*v = q*u + 1406. Let g be